{"id":528,"date":"2013-11-07T15:09:39","date_gmt":"2013-11-07T17:09:39","guid":{"rendered":"http:\/\/www.copybusiness.com.br\/site\/?page_id=528"},"modified":"2013-11-07T15:09:39","modified_gmt":"2013-11-07T17:09:39","slug":"impressora-hp-401-n","status":"publish","type":"page","link":"https:\/\/www.copybusiness.com.br\/site\/produtos\/impressora-hp-401-n\/","title":{"rendered":"Impressora HP 401 N"},"content":{"rendered":"<p style=\"text-align: center;\"><a href=\"http:\/\/www.copybusiness.com.br\/site\/wp-content\/uploads\/2013\/11\/400-N.png\"><img loading=\"lazy\" class=\"alignnone size-full wp-image-443\" alt=\"400 N\" src=\"http:\/\/www.copybusiness.com.br\/site\/wp-content\/uploads\/2013\/11\/400-N.png\" width=\"180\" height=\"135\" \/><\/a><\/p>\n<p style=\"text-align: center;\">\n<div class=\"su-box su-box-style-default\" id=\"\" style=\"border-color:#848484;border-radius:3px\"><div class=\"su-box-title\" style=\"background-color:#b7b7b7;color:#FFFFFF;border-top-left-radius:1px;border-top-right-radius:1px\">Modelo<\/div><div class=\"su-box-content su-u-clearfix su-u-trim\" style=\"border-bottom-left-radius:1px;border-bottom-right-radius:1px\">HP 401 N<\/div><\/div>\n<div class=\"su-box su-box-style-default\" id=\"\" style=\"border-color:#848484;border-radius:3px\"><div class=\"su-box-title\" style=\"background-color:#b7b7b7;color:#FFFFFF;border-top-left-radius:1px;border-top-right-radius:1px\">Especifica\u00e7\u00f5es<\/div><div class=\"su-box-content su-u-clearfix su-u-trim\" style=\"border-bottom-left-radius:1px;border-bottom-right-radius:1px\">\n<h2>Especifica\u00e7\u00f5es<\/h2>\n<dl>\n<dt>Velocidade de impress\u00e3o (preto):<\/dt>\n<dd>Normal:At\u00e9 33 ppm<\/dd>\n<\/dl>\n<dl>\n<dt><\/dt>\n<dd><\/dd>\n<\/dl>\n<dl>\n<dd>(Mensurado usando a ISO\/IEC 24734, exclui o primeiro conjunto de documentos de teste. Para obter mais informa\u00e7\u00f5es, consulte http:\/\/www.hp.com\/go\/printerclaims. A velocidade exata varia dependendo da configura\u00e7\u00e3o do sistema, do aplicativo de software, do driver e da complexidade do documento. )<\/dd>\n<\/dl>\n<dl>\n<dt>Primeira p\u00e1gina impressa (pronta)<\/dt>\n<dd>Preto: At\u00e9 8 segundos<\/dd>\n<\/dl>\n<dl>\n<dt>Qualidade de impress\u00e3o preto (\u00f3tima)<\/dt>\n<dd>\n<ul>\n<li>At\u00e9 1200 x 1200 dpi<\/li>\n<\/ul>\n<\/dd>\n<\/dl>\n<dl>\n<dt>Ciclo de trabalho (mensal, carta)<\/dt>\n<dd>At\u00e9 50.000 p\u00e1ginas;<br \/>\n(O ciclo de trabalho \u00e9 definido como o n\u00famero m\u00e1ximo de p\u00e1ginas por m\u00eas de sa\u00edda de imagens. Esse valor proporciona uma compara\u00e7\u00e3o da robustez do produto em rela\u00e7\u00e3o a outros dispositivos HP LaserJet ou HP Color LaserJet, permitindo a implementa\u00e7\u00e3o adequada de impressoras e MFPs para atender aos pedidos de pessoas ou grupos conectados.)<\/dd>\n<\/dl>\n<dl>\n<dt>Ciclo de trabalho (mensal, A4)<\/dt>\n<dd>At\u00e9 50.000 p\u00e1ginas<br \/>\n(O ciclo de trabalho \u00e9 definido como o n\u00famero m\u00e1ximo de p\u00e1ginas por m\u00eas de sa\u00edda de imagens. Esse valor proporciona uma compara\u00e7\u00e3o da robustez do produto em rela\u00e7\u00e3o a outros dispositivos HP LaserJet ou HP Color LaserJet, permitindo a implementa\u00e7\u00e3o adequada de impressoras e MFPs para atender aos pedidos de pessoas ou grupos conectados.)<\/dd>\n<\/dl>\n<dl>\n<dt>Volume mensal de p\u00e1ginas recomendado<\/dt>\n<dd>750 at\u00e9 3000<\/dd>\n<\/dl>\n<dl>\n<dt>Nota sobre volume mensal de p\u00e1ginas recomendado<\/dt>\n<dd>HP recomenda que o n\u00famero de p\u00e1ginas impressas por m\u00eas esteja dentro da categoria estabelecida para o \u00f3timo desempenho do dispositivo, baseado em fatores tais como os intervalos de substitui\u00e7\u00e3o de suprimentos e a vida do dispositivo em um per\u00edodo de garantia estendido.<\/dd>\n<\/dl>\n<dl>\n<dt>Tecnologia de impress\u00e3o<\/dt>\n<dd>\n<ul>\n<li>Laser<\/li>\n<\/ul>\n<\/dd>\n<\/dl>\n<dl>\n<dt>Velocidade do processador<\/dt>\n<dd>800 MHz<\/dd>\n<\/dl>\n<dl>\n<dt>Idiomas de impress\u00e3o<\/dt>\n<dd>HP PCL 5e, HP PCL 6, emula\u00e7\u00e3o HP postscript n\u00edvel 3, impress\u00e3o direta de PDF (v 1.7)<\/dd>\n<\/dl>\n<dl>\n<dt>Monitor<\/dt>\n<dd>\n<ul>\n<li>LCD de 2 linhas (texto e gr\u00e1ficos)<\/li>\n<\/ul>\n<\/dd>\n<\/dl>\n<h2>Conectividade<\/h2>\n<dl>\n<dt>Recurso HP ePrint<\/dt>\n<dd>Sim<\/dd>\n<\/dl>\n<dl>\n<dt>Recurso de impress\u00e3o m\u00f3vel<\/dt>\n<dd>\n<ul>\n<li>HP ePrint, Apple AirPrint\u2122<\/li>\n<\/ul>\n<\/dd>\n<\/dl>\n<dl>\n<dt>Capacidade sem fios<\/dt>\n<dd>\n<ul>\n<li>Nenhum\/nenhuma<\/li>\n<\/ul>\n<\/dd>\n<\/dl>\n<dl>\n<dt>Conectividade, padr\u00e3o<\/dt>\n<dd>\n<ul>\n<li>1 USB 2.0 de alta velocidade<\/li>\n<li>1 rede Ethernet 10\/100\/1000T<\/li>\n<\/ul>\n<\/dd>\n<\/dl>\n<dl>\n<dt>Pronto para trabalhar em rede<\/dt>\n<dd>Padr\u00e3o (Gigabit Ethernet incorporada)<\/dd>\n<\/dl>\n<dl>\n<dt>Requisitos m\u00ednimos de sistema<\/dt>\n<dd>Windows 8, Windows 7 32 bit\/64 bit, Windows Vista 32 bit\/64 bit: Processador de 1 GHz 32 bits (x86) ou 64 bits (x64), 1 GB de RAM (32 bits) ou 2 GB de RAM (64 bits), 400 MB de espa\u00e7o dispon\u00edvel em disco, CD\/DVD-ROM ou Internet, porta USB ou de rede; Windows XP (32 bits) SP2: Processador Pentium\u00ae de 233 MHz, 512 MB de RAM, 400 MB de espa\u00e7o em disco, CD\/DVD-ROM ou Internet, porta USB ou de rede;<br \/>\nMac OS X v 10.5, v 10.6, v 10.7; Processador PowerPC G4, G5, ou Intel\u00ae Core\u2122; Disco r\u00edgido de 500 MB; CD-ROM\/DVD-ROM ou Internet; USB ou Rede<\/dd>\n<\/dl>\n<dl>\n<dt>Sistemas operacionais compat\u00edveis<\/dt>\n<dd>\n<ul>\n<li>Instala\u00e7\u00e3o completa de software suportada em: Windows 8, Windows 7 32 bit e 64 bit, Windows Vista 32 bit e 64 bit, Windows XP 32 bit SP2 ou superior<\/li>\n<li>Instala\u00e7\u00e3o somente de driver suportada em: Windows Server 2008 32 bit e 64 bit, Windows Server 2003 32 bit SP3 ou superior<\/li>\n<li>Mac OS X v10.5, v10.6, v10.7<\/li>\n<li>Linpus Linux (9.4, 9.5), Red Hat Enterprise Linux (5.0, 6.0), OpenSUSE Linux (11.3, 11.4), Fedora (14, 15), Ubuntu (10.04, 10.10, 11.04), Debian (5.0, 6.0 e HPUX11i)<\/li>\n<\/ul>\n<\/dd>\n<\/dl>\n<h2>Especifica\u00e7\u00f5es de mem\u00f3ria<\/h2>\n<dl>\n<dt>Mem\u00f3ria, padr\u00e3o<\/dt>\n<dd>128 MB<\/dd>\n<\/dl>\n<dl>\n<dt>Mem\u00f3ria, m\u00e1xima<\/dt>\n<dd>128 MB<\/dd>\n<\/dl>\n<dl>\n<dt>Disco r\u00edgido<\/dt>\n<dd>\n<ul>\n<li>Nenhum\/nenhuma<\/li>\n<\/ul>\n<\/dd>\n<\/dl>\n<h2>Manuseio de papel<\/h2>\n<dl>\n<dt>Manuseio de entrada de papel, padr\u00e3o<\/dt>\n<dd>Bandeja 1 multiuso para 50 folhas, bandeja 2 de entrada para 250 folhas<\/dd>\n<\/dl>\n<dl>\n<dt>Manuseio de entrada de papel, opcional<\/dt>\n<dd>Terceira bandeja para 500 folhas opcional<\/dd>\n<\/dl>\n<dl>\n<dt>Manuseio de sa\u00edda de papel, padr\u00e3o<\/dt>\n<dd>Bandeja de sa\u00edda para 150 folhas<\/dd>\n<\/dl>\n<dl>\n<dt>Impress\u00e3o frente e verso<\/dt>\n<dd>Manual (fornecido suporte de driver)<\/dd>\n<\/dl>\n<dl>\n<dt>Tamanhos de m\u00eddia suportados<\/dt>\n<dd>A4; A5; A6; B5 (JIS)<\/dd>\n<\/dl>\n<dl>\n<dt>Tamanhos de m\u00eddia, personalizados<\/dt>\n<dd>Bandeja multiuso: 76 x 127 a 216 x 356 mm; Bandeja 2 e bandeja 3 de 500 folhas opcional: 105 x 148 a 216 x 356 mm<\/dd>\n<\/dl>\n<dl>\n<dt>Tipos de suportes<\/dt>\n<dd>Papel (liso, modo verde, leve, pesado, comum, colororido, timbrado, pr\u00e9-impresso, pr\u00e9-perfurado, reciclado, \u00e1spero); envelopes; etiquetas; transpar\u00eancias, cart\u00e3o<\/dd>\n<\/dl>\n<dl>\n<dt>Peso de m\u00eddia suportado<\/dt>\n<dd>Bandeja 1: 60 a 163 g\/m\u00b2 (caminho do papel direto para m\u00eddia especial); Bandeja 2, bandeja 3 de 500 folhas opcional: 60 a 120 g\/m\u00b2<\/dd>\n<\/dl>\n<h2>Requisitos de alimenta\u00e7\u00e3o e opera\u00e7\u00e3o<\/h2>\n<dl>\n<dt>Alimenta\u00e7\u00e3o<\/dt>\n<dd>Tens\u00e3o de entrada de 110 volts: 110 a 127 VCA (+\/- 10%), 50\/60 Hz (+\/- 2 Hz); Tens\u00e3o de entrada de 220 volts: 220 a 240 VCA (+\/- 10%), 50\/60 Hz (+\/- 2 Hz) (110V ou 220V, dependendo da escolha e do pa\u00eds)<\/dd>\n<\/dl>\n<dl>\n<dt>Consumo de energia<\/dt>\n<dd>570 watts (imprimindo), 7,3 watts (pronta), 6,2 watts (suspens\u00e3o), 0,1 watts (desligada)<br \/>\n(<i>Os requisitos de energia dependem do pa\u00eds\/regi\u00e3o onde a impressora \u00e9 vendida. N\u00e3o converta as tens\u00f5es de funcionamento. Tal poder\u00e1 danificar a impressora e anular a garantia do produto.<\/i>)<\/dd>\n<\/dl>\n<dl>\n<dt>Gama de temperaturas de funcionamento<\/dt>\n<dd>15 a 32,5\u00baC<\/dd>\n<\/dl>\n<dl>\n<dt>Intervalo de umidade para funcionamento<\/dt>\n<dd>\n<ul>\n<li>30 a 70% RH<\/li>\n<\/ul>\n<\/div><\/div>\n<\/dd>\n<\/dl>\n","protected":false},"excerpt":{"rendered":"","protected":false},"author":1,"featured_media":0,"parent":36,"menu_order":0,"comment_status":"open","ping_status":"open","template":"","meta":[],"_links":{"self":[{"href":"https:\/\/www.copybusiness.com.br\/site\/wp-json\/wp\/v2\/pages\/528"}],"collection":[{"href":"https:\/\/www.copybusiness.com.br\/site\/wp-json\/wp\/v2\/pages"}],"about":[{"href":"https:\/\/www.copybusiness.com.br\/site\/wp-json\/wp\/v2\/types\/page"}],"author":[{"embeddable":true,"href":"https:\/\/www.copybusiness.com.br\/site\/wp-json\/wp\/v2\/users\/1"}],"replies":[{"embeddable":true,"href":"https:\/\/www.copybusiness.com.br\/site\/wp-json\/wp\/v2\/comments?post=528"}],"version-history":[{"count":2,"href":"https:\/\/www.copybusiness.com.br\/site\/wp-json\/wp\/v2\/pages\/528\/revisions"}],"predecessor-version":[{"id":531,"href":"https:\/\/www.copybusiness.com.br\/site\/wp-json\/wp\/v2\/pages\/528\/revisions\/531"}],"up":[{"embeddable":true,"href":"https:\/\/www.copybusiness.com.br\/site\/wp-json\/wp\/v2\/pages\/36"}],"wp:attachment":[{"href":"https:\/\/www.copybusiness.com.br\/site\/wp-json\/wp\/v2\/media?parent=528"}],"curies":[{"name":"wp","href":"https:\/\/api.w.org\/{rel}","templated":true}]}}